{"id":12,"date":"2020-10-09T10:44:20","date_gmt":"2020-10-09T08:44:20","guid":{"rendered":"http:\/\/thomasdevittori.net\/?page_id=12"},"modified":"2026-02-10T09:31:02","modified_gmt":"2026-02-10T08:31:02","slug":"presentation","status":"publish","type":"page","link":"https:\/\/thomasdevittori.net\/index.php\/presentation\/","title":{"rendered":"Pr\u00e9sentation"},"content":{"rendered":"\n<ul><li>Professeur des universit\u00e9s en didactique des math\u00e9matiques \u00e0 l&#8217;INSPE de l&#8217;acad\u00e9mie de Lille &#8211; Hauts de France (Universit\u00e9 de Lille)<\/li><li>Laboratoire Paul Painlev\u00e9 (UMR 8524, Universit\u00e9 de Lille)<\/li><\/ul>\n\n\n\n<h4>Domaines de recherche<\/h4>\n\n\n\n<ul><li>Didactique des math\u00e9matiques<\/li><li>R\u00f4le de l&#8217;histoire des math\u00e9matiques dans l&#8217;enseignement des math\u00e9matiques (voir le site EDU-HM)<\/li><li>Histoire de la g\u00e9om\u00e9trie ancienne, arabe et classique. Notions d&#8217;espace et de lieu<\/li><li>Histoire de l&#8217;enseignement et de la formation des enseignants, patrimoine<\/li><\/ul>\n\n\n\n<h4>Contacts<\/h4>\n\n\n\n<p><img loading=\"lazy\" width=\"48\" height=\"48\" class=\"wp-image-14\" style=\"width: 48px;\" src=\"http:\/\/thomasdevittori.net\/wp-content\/uploads\/2020\/10\/email.gif\" alt=\"\"> thomas [point] devittori [arobase] univ-lille.fr<\/p>\n\n\n\n<p>Affiliation officielle : <em>Univ. Lille, CNRS, UMR 8524 &#8211; Laboratoire Paul Painlev\u00e9, F-59000 Lille, France<\/em><\/p>\n\n\n\n<figure class=\"wp-block-image size-large\"><img loading=\"lazy\" width=\"300\" height=\"120\" src=\"http:\/\/thomasdevittori.net\/wp-content\/uploads\/2025\/06\/LPP_logo.jpeg\" alt=\"LPP\" class=\"wp-image-136\"\/><\/figure>\n\n\n\n<p><\/p>\n","protected":false},"excerpt":{"rendered":"<p>Professeur des universit\u00e9s en didactique des math\u00e9matiques \u00e0 l&#8217;INSPE de l&#8217;acad\u00e9mie de Lille &#8211; Hauts de France (Universit\u00e9 de Lille) Laboratoire Paul Painlev\u00e9 (UMR 8524, Universit\u00e9 de Lille) Domaines de recherche Didactique des math\u00e9matiques R\u00f4le de l&#8217;histoire des math\u00e9matiques dans l&#8217;enseignement des math\u00e9matiques (voir le site EDU-HM) Histoire de la g\u00e9om\u00e9trie ancienne, arabe et classique. Notions d&#8217;espace et de lieu Histoire de l&#8217;enseignement et de la formation des enseignants, patrimoine Contacts thomas [point] devittori [arobase] univ-lille.fr Affiliation officielle : Univ&#8230;.<\/p>\n<p class=\"read-more\"><a class=\"btn btn-default\" href=\"https:\/\/thomasdevittori.net\/index.php\/presentation\/\"> Read More<span class=\"screen-reader-text\">  Read More<\/span><\/a><\/p>\n","protected":false},"author":1,"featured_media":0,"parent":0,"menu_order":0,"comment_status":"closed","ping_status":"closed","template":"","meta":[],"_links":{"self":[{"href":"https:\/\/thomasdevittori.net\/index.php\/wp-json\/wp\/v2\/pages\/12"}],"collection":[{"href":"https:\/\/thomasdevittori.net\/index.php\/wp-json\/wp\/v2\/pages"}],"about":[{"href":"https:\/\/thomasdevittori.net\/index.php\/wp-json\/wp\/v2\/types\/page"}],"author":[{"embeddable":true,"href":"https:\/\/thomasdevittori.net\/index.php\/wp-json\/wp\/v2\/users\/1"}],"replies":[{"embeddable":true,"href":"https:\/\/thomasdevittori.net\/index.php\/wp-json\/wp\/v2\/comments?post=12"}],"version-history":[{"count":14,"href":"https:\/\/thomasdevittori.net\/index.php\/wp-json\/wp\/v2\/pages\/12\/revisions"}],"predecessor-version":[{"id":148,"href":"https:\/\/thomasdevittori.net\/index.php\/wp-json\/wp\/v2\/pages\/12\/revisions\/148"}],"wp:attachment":[{"href":"https:\/\/thomasdevittori.net\/index.php\/wp-json\/wp\/v2\/media?parent=12"}],"curies":[{"name":"wp","href":"https:\/\/api.w.org\/{rel}","templated":true}]}}